{"id":275,"date":"2020-10-22T17:45:18","date_gmt":"2020-10-22T15:45:18","guid":{"rendered":"http:\/\/scarabee-tapissier.com\/?page_id=275"},"modified":"2023-08-01T17:37:02","modified_gmt":"2023-08-01T15:37:02","slug":"labio","status":"publish","type":"page","link":"https:\/\/scarabee-tapissier.com\/?page_id=275","title":{"rendered":"la bio de Madame !"},"content":{"rendered":"\t\t<div data-elementor-type=\"wp-page\" data-elementor-id=\"275\" class=\"elementor elementor-275\">\n\t\t\t\t\t\t<section class=\"elementor-section elementor-top-section elementor-element elementor-element-bea30cb animated-slow elementor-section-boxed elementor-section-height-default elementor-section-height-default elementor-invisible\" data-id=\"bea30cb\" data-element_type=\"section\" data-e-type=\"section\" data-settings=\"{&quot;background_background&quot;:&quot;classic&quot;,&quot;animation&quot;:&quot;fadeIn&quot;}\">\n\t\t\t\t\t\t\t<div class=\"elementor-background-overlay\"><\/div>\n\t\t\t\t\t\t\t<div class=\"elementor-container elementor-column-gap-default\">\n\t\t\t\t\t<div class=\"elementor-column elementor-col-100 elementor-top-column elementor-element elementor-element-fceed4f\" data-id=\"fceed4f\" data-element_type=\"column\" data-e-type=\"column\">\n\t\t\t<div class=\"elementor-widget-wrap elementor-element-populated\">\n\t\t\t\t\t\t<div class=\"elementor-element elementor-element-97601ac elementor-align-center elementor-widget elementor-widget-button\" data-id=\"97601ac\" data-element_type=\"widget\" data-e-type=\"widget\" data-widget_type=\"button.default\">\n\t\t\t\t<div class=\"elementor-widget-container\">\n\t\t\t\t\t\t\t\t\t<div class=\"elementor-button-wrapper\">\n\t\t\t\t\t<a class=\"elementor-button elementor-button-link elementor-size-sm\" href=\"https:\/\/scarabee-tapissier.com\/\">\n\t\t\t\t\t\t<span class=\"elementor-button-content-wrapper\">\n\t\t\t\t\t\t<span class=\"elementor-button-icon\">\n\t\t\t\t<i aria-hidden=\"true\" class=\"far fa-arrow-alt-circle-left\"><\/i>\t\t\t<\/span>\n\t\t\t\t\t\t\t\t\t<span class=\"elementor-button-text\">Retour \u00e0 l'accueil<\/span>\n\t\t\t\t\t<\/span>\n\t\t\t\t\t<\/a>\n\t\t\t\t<\/div>\n\t\t\t\t\t\t\t\t<\/div>\n\t\t\t\t<\/div>\n\t\t\t\t<div class=\"elementor-element elementor-element-53889e2 animated-slow elementor-widget__width-inherit elementor-position-top elementor-invisible elementor-widget elementor-widget-image-box\" data-id=\"53889e2\" data-element_type=\"widget\" data-e-type=\"widget\" data-settings=\"{&quot;_animation&quot;:&quot;fadeIn&quot;}\" data-widget_type=\"image-box.default\">\n\t\t\t\t<div class=\"elementor-widget-container\">\n\t\t\t\t\t<div class=\"elementor-image-box-wrapper\"><figure class=\"elementor-image-box-img\"><img fetchpriority=\"high\" decoding=\"async\" width=\"768\" height=\"512\" src=\"https:\/\/scarabee-tapissier.com\/wp-content\/uploads\/2020\/10\/0009_SARAH-2019-190-768x512.jpg\" class=\"attachment-medium_large size-medium_large wp-image-174\" alt=\"\" srcset=\"https:\/\/scarabee-tapissier.com\/wp-content\/uploads\/2020\/10\/0009_SARAH-2019-190-768x512.jpg 768w, https:\/\/scarabee-tapissier.com\/wp-content\/uploads\/2020\/10\/0009_SARAH-2019-190-scaled-600x400.jpg 600w, https:\/\/scarabee-tapissier.com\/wp-content\/uploads\/2020\/10\/0009_SARAH-2019-190-300x200.jpg 300w, https:\/\/scarabee-tapissier.com\/wp-content\/uploads\/2020\/10\/0009_SARAH-2019-190-1024x683.jpg 1024w, https:\/\/scarabee-tapissier.com\/wp-content\/uploads\/2020\/10\/0009_SARAH-2019-190-1536x1024.jpg 1536w, https:\/\/scarabee-tapissier.com\/wp-content\/uploads\/2020\/10\/0009_SARAH-2019-190-2048x1365.jpg 2048w\" sizes=\"(max-width: 768px) 100vw, 768px\" \/><\/figure><div class=\"elementor-image-box-content\"><h2 class=\"elementor-image-box-title\">Sarah Breux<\/h2><\/div><\/div>\t\t\t\t<\/div>\n\t\t\t\t<\/div>\n\t\t\t\t<div class=\"elementor-element elementor-element-4dd27aa elementor-widget elementor-widget-text-editor\" data-id=\"4dd27aa\" data-element_type=\"widget\" data-e-type=\"widget\" data-widget_type=\"text-editor.default\">\n\t\t\t\t<div class=\"elementor-widget-container\">\n\t\t\t\t\t\t\t\t\t<p>La p\u00e9tillante Sarah, la petite quarantaine, passionn\u00e9e de bande dessin\u00e9e, pr\u00e9sidente et responsable de production de Scarab\u00e9e, est titulaire d\u2019un CAP et d\u2019un BTM tapisserie d&rsquo;ameublement, obtenus respectivement, et sans al\u00e9as, en 2005 et 2007. Dans les deux cas, elle fut major de sa promotion et m\u00e9daille d&rsquo;argent du meilleur apprenti r\u00e9gional ! El\u00e8ve, entre autres, du talentueux compagnon du devoir S\u00e9bastien Ragueneau, il lui enseigne les r\u00e8gles de l\u2019art et la rigueur des chantiers traditionnels, souvent prestigieux : le Petit Trianon, Chaumont sur Loire, Ambassade des Etats-Unis \u00e0 Paris, le Petit Florentin etc. La collaboration est fructueuse et mirifique, mais les mains expertes de Sarah sont baladeuses, elles ont soif de nouvelles exp\u00e9riences. Et son coeur regarde d\u00e9j\u00e0 ailleurs. Elle accepte l\u2019invitation et rejoint les Ateliers Polybe &amp; Malet en r\u00e9gion parisienne, en f\u00e9vrier 2008. Elle y peaufine sa ma\u00eetrise de la garniture et de la couverture traditionnelles. L\u2019occasion aussi, dans ce bel atelier des ann\u00e9es 30, de brique et de fer forg\u00e9, de s\u2019adonner \u00e0 l&#8217;emploi des mat\u00e9riaux souples pour de grands noms du design et de la d\u00e9coration : India Mahdavi, Jacques Garcia, Christophe Delcourt, Thierry Lemaire, Thierry Leclercq et bien d\u2019autres. Les beaux chantiers foisonnent, de Marrakech \u00e0 Duba\u00ef, de Londres \u00e0 Venise. Avec ses coll\u00e8gues virtuoses, elle fabrique, \u00e9labore des prototypes, am\u00e9liore les produits \u00e0 tout va. Elle excelle et s\u2019\u00e9panouit. Mais les Ateliers Polybe &amp; Malet d\u00e9clinent, jusqu\u2019\u00e0 leur disparition d\u00e9finitive en 2018. Qu\u2019\u00e0 cela ne tienne, Sarah, ingambe et opini\u00e2tre, se lance dans l\u2019aventure. Symbole du soleil et de R\u00ea dans l\u2019Egypte antique, et l&rsquo;un des douze animaux sacr\u00e9s, associ\u00e9 aux douze heures du jour et de la nuit, un petit col\u00e9opt\u00e8re donnera son nom \u00e0 l\u2019entreprise familiale. Scarab\u00e9e na\u00eet en septembre 2019, et s&rsquo;entoure sans cesse de nouveaux collaborateurs et partenaires pour l\u2019aider \u00e0 d\u00e9ployer ses \u00e9lytres, et s\u2019envoler vers de nouvelles aventures.<\/p>\t\t\t\t\t\t\t\t<\/div>\n\t\t\t\t<\/div>\n\t\t\t\t<div class=\"elementor-element elementor-element-79b0d91 elementor-align-center elementor-widget elementor-widget-button\" data-id=\"79b0d91\" data-element_type=\"widget\" data-e-type=\"widget\" data-widget_type=\"button.default\">\n\t\t\t\t<div class=\"elementor-widget-container\">\n\t\t\t\t\t\t\t\t\t<div class=\"elementor-button-wrapper\">\n\t\t\t\t\t<a class=\"elementor-button elementor-button-link elementor-size-sm\" href=\"https:\/\/scarabee-tapissier.com\/\">\n\t\t\t\t\t\t<span class=\"elementor-button-content-wrapper\">\n\t\t\t\t\t\t<span class=\"elementor-button-icon\">\n\t\t\t\t<i aria-hidden=\"true\" class=\"far fa-arrow-alt-circle-left\"><\/i>\t\t\t<\/span>\n\t\t\t\t\t\t\t\t\t<span class=\"elementor-button-text\">Retour \u00e0 l'accueil<\/span>\n\t\t\t\t\t<\/span>\n\t\t\t\t\t<\/a>\n\t\t\t\t<\/div>\n\t\t\t\t\t\t\t\t<\/div>\n\t\t\t\t<\/div>\n\t\t\t\t\t<\/div>\n\t\t<\/div>\n\t\t\t\t\t<\/div>\n\t\t<\/section>\n\t\t\t\t<section class=\"elementor-section elementor-top-section elementor-element elementor-element-95cee1b elementor-section-boxed elementor-section-height-default elementor-section-height-default\" data-id=\"95cee1b\" data-element_type=\"section\" data-e-type=\"section\">\n\t\t\t\t\t\t<div class=\"elementor-container elementor-column-gap-default\">\n\t\t\t\t\t<div class=\"elementor-column elementor-col-100 elementor-top-column elementor-element elementor-element-c099e30\" data-id=\"c099e30\" data-element_type=\"column\" data-e-type=\"column\">\n\t\t\t<div class=\"elementor-widget-wrap elementor-element-populated\">\n\t\t\t\t\t\t<div class=\"elementor-element elementor-element-33e7d5b elementor-widget elementor-widget-text-editor\" data-id=\"33e7d5b\" data-element_type=\"widget\" data-e-type=\"widget\" data-widget_type=\"text-editor.default\">\n\t\t\t\t<div class=\"elementor-widget-container\">\n\t\t\t\t\t\t\t\t\t<p>\u00a9 2023 &#8211;&nbsp; Scarab\u00e9e Tapissier<\/p>\n<p><em><a href=\"https:\/\/scarabee-tapissier.com\/wp-content\/uploads\/2020\/11\/Conditions-ge\u0301ne\u0301rales-dutilisation.htm\" target=\"_blank\" rel=\"noopener\">Conditions ge\u0301ne\u0301rales d&rsquo;utilisation\/Mentions l\u00e9gales<\/a><\/em><\/p>\t\t\t\t\t\t\t\t<\/div>\n\t\t\t\t<\/div>\n\t\t\t\t\t<\/div>\n\t\t<\/div>\n\t\t\t\t\t<\/div>\n\t\t<\/section>\n\t\t\t\t<\/div>\n\t\t","protected":false},"excerpt":{"rendered":"<p>Retour \u00e0 l&rsquo;accueil Sarah Breux La p\u00e9tillante Sarah, la petite quarantaine, passionn\u00e9e de bande dessin\u00e9e, pr\u00e9sidente et responsable de production de Scarab\u00e9e, est titulaire d\u2019un CAP et d\u2019un BTM tapisserie d&rsquo;ameublement, obtenus respectivement, et sans al\u00e9as, en 2005 et 2007. Dans les deux cas, elle fut major de sa promotion et m\u00e9daille d&rsquo;argent du meilleur [&hellip;]<\/p>\n","protected":false},"author":1,"featured_media":0,"parent":86,"menu_order":0,"comment_status":"closed","ping_status":"closed","template":"elementor_canvas","meta":{"footnotes":""},"class_list":["post-275","page","type-page","status-publish","hentry","entry"],"_links":{"self":[{"href":"https:\/\/scarabee-tapissier.com\/index.php?rest_route=\/wp\/v2\/pages\/275","targetHints":{"allow":["GET"]}}],"collection":[{"href":"https:\/\/scarabee-tapissier.com\/index.php?rest_route=\/wp\/v2\/pages"}],"about":[{"href":"https:\/\/scarabee-tapissier.com\/index.php?rest_route=\/wp\/v2\/types\/page"}],"author":[{"embeddable":true,"href":"https:\/\/scarabee-tapissier.com\/index.php?rest_route=\/wp\/v2\/users\/1"}],"replies":[{"embeddable":true,"href":"https:\/\/scarabee-tapissier.com\/index.php?rest_route=%2Fwp%2Fv2%2Fcomments&post=275"}],"version-history":[{"count":86,"href":"https:\/\/scarabee-tapissier.com\/index.php?rest_route=\/wp\/v2\/pages\/275\/revisions"}],"predecessor-version":[{"id":2025,"href":"https:\/\/scarabee-tapissier.com\/index.php?rest_route=\/wp\/v2\/pages\/275\/revisions\/2025"}],"up":[{"embeddable":true,"href":"https:\/\/scarabee-tapissier.com\/index.php?rest_route=\/wp\/v2\/pages\/86"}],"wp:attachment":[{"href":"https:\/\/scarabee-tapissier.com\/index.php?rest_route=%2Fwp%2Fv2%2Fmedia&parent=275"}],"curies":[{"name":"wp","href":"https:\/\/api.w.org\/{rel}","templated":true}]}}